37, 79
List the prime factors of 57413.
57413
List the prime factors of 1062.
2, 3, 59
What are the prime factors of 2855?
5, 571
List the prime factors of 8391.
3, 2797
What are the prime factors of 7308?
2, 3, 7, 29
What are the prime factors of 763?
7, 109
What are the prime factors of 69212?
2, 11, 13
List the prime factors of 119217.
3, 7, 811
What are the prime factors of 598?
2, 13, 23
What are the prime factors of 6295?
5, 1259
What are the prime factors of 8825?
5, 353
List the prime factors of 116760.
2, 3, 5, 7, 139
What are the prime factors of 7618?
2, 13, 293
What are the prime factors of 37008?
2, 3, 257
List the prime factors of 14006.
2, 47, 149
List the prime factors of 626.
2, 313
What are the prime factors of 13527?
3, 167
List the prime factors of 4726.
2, 17, 139
List the prime factors of 91208.
2, 13, 877
List the prime factors of 8142.
2, 3, 23, 59
List the prime factors of 26947.
26947
What are the prime factors of 45800?
2, 5, 229
What are the prime factors of 3569?
43, 83
What are the prime factors of 3326?
2, 1663
List the prime factors of 5631.
3, 1877
What are the prime factors of 722?
2, 19
List the prime factors of 3688.
2, 461
What are the prime factors of 4200?
2, 3, 5, 7
What are the prime factors of 18073?
11, 31, 53
List the prime factors of 1875.
3, 5
List the prime factors of 2751.
3, 7, 131
What are the prime factors of 9248?
2, 17
What are the prime factors of 27935?
5, 37, 151
What are the prime factors of 196?
2, 7
List the prime factors of 1654.
2, 827
List the prime factors of 51526.
2, 25763
What are the prime factors of 41029?
89, 461
What are the prime factors of 763?
7, 109
What are the prime factors of 129571?
13, 9967
What are the prime factors of 128833?
128833
What are the prime factors of 965?
5, 193
What are the prime factors of 3577?
7, 73
What are the prime factors of 99920?
2, 5, 1249
List the prime factors of 130371.
3, 43457
List the prime factors of 12812.
2, 3203
List the prime factors of 14440.
2, 5, 19
What are the prime factors of 5198?
2, 23, 113
List the prime factors of 1328.
2, 83
What are the prime factors of 64800?
2, 3, 5
List the prime factors of 29825.
5, 1193
What are the prime factors of 20851?
29, 719
What are the prime factors of 53?
53
List the prime factors of 9812.
2, 11, 223
What are the prime factors of 10195?
5, 2039
List the prime factors of 857.
857
List the prime factors of 3115.
5, 7, 89
What are the prime factors of 17573?
17573
What are the prime factors of 3056?
2, 191
List the prime factors of 92.
2, 23
List the prime factors of 824.
2, 103
List the prime factors of 8030.
2, 5, 11, 73
What are the prime factors of 65157?
3, 37, 587
What are the prime factors of 2528?
2, 79
What are the prime factors of 75280?
2, 5, 941
List the prime factors of 158146.
2, 107, 739
What are the prime factors of 9123?
3, 3041
What are the prime factors of 27985?
5, 29, 193
List the prime factors of 225.
3, 5
What are the prime factors of 52246?
2, 151, 173
List the prime factors of 9823.
11, 19, 47
List the prime factors of 3000.
2, 3, 5
What are the prime factors of 1431?
3, 53
List the prime factors of 2884.
2, 7, 103
What are the prime factors of 315?
3, 5, 7
List the prime factors of 1537.
29, 53
List the prime factors of 1093.
1093
What are the prime factors of 1916?
2, 479
List the prime factors of 11599.
7, 1657
List the prime factors of 39526.
2, 19763
What are the prime factors of 1359?
3, 151
List the prime factors of 1889.
1889
List the prime factors of 52938.
2, 3, 17, 173
List the prime factors of 4852.
2, 1213
What are the prime factors of 1660?
2, 5, 83
List the prime factors of 3220.
2, 5, 7, 23
What are the prime factors of 1327?
1327
What are the prime factors of 15837?
3, 5279
What are the prime factors of 40880?
2, 5, 7, 73
What are the prime factors of 145131?
3, 7, 6911
List the prime factors of 2533.
17, 149
List the prime factors of 13850.
2, 5, 277
What are the prime factors of 1114?
2, 557
List the prime factors of 1127.
7, 23
What are the prime factors of 466?
2, 233
What are the prime factors of 1531?
1531
List the prime factors of 54944.
2, 17, 101
List the prime factors of 375.
3, 5
List the prime factors of 1749.
3, 11, 53
What are the prime factors of 112?
2, 7
List the prime factors of 1529.
11, 139
What are the prime factors of 984?
2, 3, 41
What are the prime factors of 2209?
47
List the prime factors of 158.
2, 79
List the prime factors of 1318.
2, 659
What are the prime factors of 51945?
3, 5, 3463
What are the prime factors of 6567?
3, 11, 199
List the prime factors of 561.
3, 11, 17
List the prime factors of 25644.
2, 3, 2137
List the prime factors of 13928.
2, 1741
What are the prime factors of 18271?
11, 151
What are the prime factors of 702?
2, 3, 13
List the prime factors of 2182.
2, 1091
List the prime factors of 38334.
2, 3, 6389
List the prime factors of 59689.
7, 8527
List the prime factors of 8073.
3, 13, 23
What are the prime factors of 214?
2, 107
What are the prime factors of 8567?
13, 659
List the prime factors of 73429.
97, 757
List the prime factors of 28194.
2, 3, 37, 127
What are the prime factors of 381?
3, 127
What are the prime factors of 48060?
2, 3, 5, 89
List the prime factors of 86800.
2, 5, 7, 31
What are the prime factors of 42607?
137, 311
What are the prime factors of 3124?
2, 11, 71
What are the prime factors of 8572?
2, 2143
What are the prime factors of 4724?
2, 1181
List the prime factors of 11901.
3, 3967
List the prime factors of 25385.
5, 5077
List the prime factors of 20378.
2, 23, 443
List the prime factors of 832.
2, 13
List the prime factors of 1472.
2, 23
What are the prime factors of 8110?
2, 5, 811
What are the prime factors of 312?
2, 3, 13
What are the prime factors of 22600?
2, 5, 113
What are the prime factors of 104288?
2, 3259
What are the prime factors of 72560?
2, 5, 907
What are the prime factors of 613?
613
List the prime factors of 3394.
2, 1697
List the prime factors of 61990.
2, 5, 6199
List the prime factors of 2008.
2, 251
List the prime factors of 188.
2, 47
What are the prime factors of 1225?
5, 7
List the prime factors of 2385.
3, 5, 53
What are the prime factors of 12345?
3, 5, 823
What are the prime factors of 5000?
2, 5
List the prime factors of 672.
2, 3, 7
What are the prime factors of 34618?
2, 19, 911
List the prime factors of 5990.
2, 5, 599
List the prime factors of 28717.
13, 47
What are the prime factors of 114140?
2, 5, 13, 439
What are the prime factors of 94967?
23, 4129
What are the prime factors of 1790?
2, 5, 179
What are the prime factors of 7697?
43, 179
List the prime factors of 11400.
2, 3, 5, 19
List the prime factors of 21.
3, 7
What are the prime factors of 43382?
2, 109, 199
List the prime factors of 11916.
2, 3, 331
List the prime factors of 4600.
2, 5, 23
List the prime factors of 7422.
2, 3, 1237
What are the prime factors of 49882?
2, 7, 509
What are the prime factors of 575?
5, 23
List the prime factors of 11988.
2, 3, 37
What are the prime factors of 15340?
2, 5, 13, 59
List the prime factors of 1233.
3, 137
What are the prime factors of 3288?
2, 3, 137
List the prime factors of 1778.
2, 7, 127
What are the prime factors of 15772?
2, 3943
What are the prime factors of 51199?
51199
List the prime factors of 2127.
3, 709
List the prime factors of 66904.
2, 8363
List the prime factors of 46.
2, 23
List the prime factors of 107062.
2, 199, 269
List the prime factors of 8909.
59, 151
List the prime factors of 13124.
2, 17, 193
List the prime factors of 1950.
2, 3, 5, 13
What are the prime factors of 8445?
3, 5, 563
What are the prime factors of 2165?
5, 433
What are the prime factors of 15542?
2, 19, 409
What are the prime factors of 8808?
2, 3, 367
List the prime factors of 10895.
5, 2179
What are the prime factors of 44010?
2, 3, 5, 163
What are the prime factors of 183072?
2, 3, 1907
What are the prime factors of 54973?
54973
List the prime factors of 11196.
2, 3, 311
List the prime factors of 43255.
5, 41, 211
What are the prime factors of 279?
3, 31
List the prime factors of 1150.
2, 5, 23
What are the prime factors of 1658?
2, 829
List the prime factors of 909.
3, 101
What are the prime factors of 295?
5, 59
List the prime factors of 2432